 18, 4*l = -k + 4*k + 17. Is 3 + (-11)/l*-40 a prime number?
True
Suppose 4*i = 2*l - 4*l - 12, -2*l = i + 3. Suppose l = -2*k - 5*t + 7, k - 4*t = -t - 13. Is (-146)/k - 2/(-4) prime?
True
Suppose 0 = -2*i - 4, 3*i = 5*f + 5*i - 3331. Is f a composite number?
True
Suppose 387 = 4*j - j. Is j composite?
True
Let d(p) = 3*p**2 + 2*p - 10. Let k be d(-8). Suppose 5*x - 20 = 0, 0 = h + 4*x + x - k. Is h composite?
True
Let g be 8/12 + (-14)/(-6). Suppose -g*b = -b - 4. Suppose 10 = -5*z, 3*u = -b*u - 5*z + 65. Is u prime?
False
Let v be ((-3)/(-3))/((-2)/470). Let z = v - -528. Is z a prime number?
True
Suppose -5*y + 2497 = -2*c, -5*y + 1016 = 3*c - 1476. Is y prime?
True
Suppose 2088 = 13*d - 1149. Is d composite?
True
Is 6/(-33) + (-43242)/(-66) prime?
False
Let p be (1 - 14) + 0 + 0. Let k = p - 46. Let n = 52 - k. Is n composite?
True
Suppose -5*q = -5 - 0, 2*k + 5*q + 19 = 0. Let d = k + 106. Is d a prime number?
False
Suppose -207 = -4*m + 29. Is m composite?
False
Suppose 2*l = 4*l + 4. Let k be 0/l*(-3)/6. Suppose -f - w = -2*f + 39, k = 5*w. Is f composite?
True
Let f(q) = q**2. Let d be f(0). Suppose d*h = h. Suppose 5*g + h*g - 10 = -2*v, v = -3*g + 3. Is v composite?
True
Suppose -531 + 136 = -5*h. Is h prime?
True
Let j(d) = -d**2 + 7*d + 2. Let n be j(-6). Let a = n + 155. Is a a prime number?
True
Suppose -5*i + 3*x = 57, 5*i + 4*x + 28 = 3*i. Is (-1018)/(-6)*(-9 - i) a composite number?
False
Is 3 + (-69)/21 - 1950/(-14) prime?
True
Let g(z) = -17*z - 9. Let d be g(-7). Suppose 0*i + 2*i = d. Is i prime?
False
Suppose 2 = -o + 6. Let v(m) = 95*m**2 + 1. Let w be v(1). Suppose 3*g - 83 = -4*f, o*g - 2*f - w = -0*f. Is g prime?
False
Let p be 24/16 - 2/(-4). Let m = p - -8. Is m prime?
False
Let h be 8/28 + 26/7. Is (446/h)/(5/10) a composite number?
False
Suppose -4*v = -3*o + 22, 0*o = o + 5*v - 1. Suppose p = o*p + 305. Let q = p + 167. Is q composite?
True
Let k = 386 - 87. Is k composite?
True
Suppose 3*c - 1078 = 5*c. Let w = -356 - c. Is w composite?
True
Let v(r) = 2*r + 7. Let d be 6/(-21) + (-86)/(-7). Suppose 3*u - d = u. Is v(u) a prime number?
True
Suppose 410 = 5*h + 5*v, -3*v - 43 + 453 = 5*h. Let n = -14 + h. Suppose 3*i = 2*i - 5*b + 21, n = 2*i - 3*b. Is i prime?
True
Suppose 3*z - 12 = 0, 0*b + 2*z = -b + 551. Is b prime?
False
Suppose -2 = -2*p - 4. Is (p/(-2))/(3/150) a composite number?
True
Let o(g) = g + 2. Let p be o(0). Let u(j) = -j - 1 + 4*j + j + j**p. Is u(4) a prime number?
True
Let q(g) = -2*g - 1. Let y be q(-3). Suppose -y*r = 4*o - 56, -6*o - 3*r = -5*o - 7. Suppose 0*i = i - o. Is i a composite number?
False
Let s = -3 + 3. Suppose o + 0*o - 141 = s. Is o composite?
True
Let x(l) = 16*l**2 - l + 1. Let m be x(1). Let y(s) = 2 + 4*s + 0*s**2 - 2*s - s**2 + m*s**2. Is y(-3) composite?
False
Let n be (-1)/(-1*4/(-4)). Is ((-4)/(-6) + n)*-111 composite?
False
Let b = 2 - 0. Suppose 4*i - 47 = -b*o + 31, o - 2*i = 55. Is o a prime number?
True
Let k = 680 - 477. Is k a composite number?
True
Suppose -3*l = -15 + 6. Suppose l*f = -5*s - 2*f + 280, -5*s + 2*f + 301 = 0. Is s composite?
False
Suppose -4*n - 9 = -7*n. Let p(f) = 7*f**3 - 3*f**2 - 5*f + 2. Is p(n) a prime number?
True
Let z(a) = 43*a**2 + 7*a + 11. Is z(-7) composite?
False
Let q be (-4 - 28/(-8))*0. Suppose -v = 2*d - q - 5, v + 5*d + 10 = 0. Is v a prime number?
False
Let v = 607 + -210. Is v prime?
True
Let b(x) = x**3 + 10*x**2 + 10*x + 3. Let q be b(-7). Let j = -31 + q. Suppose j = 5*w - 6. Is w composite?
False
Let m(g) = g**3 - 5*g**2 - 4*g + 4. Suppose 4*v = 3*v + 6. Let w be m(v). Suppose -w - 8 = -4*y. Is y prime?
False
Let l(k) = k + 5. Let d be l(-6). Let s be (1/d - -2)*10. Let y(b) = -b**2 + 10*b + 4. Is y(s) prime?
False
Let r be 93*4/6*3. Let i = 347 - r. Is i composite?
True
Suppose -5*r - 10 - 5 = 0. Let u = 182 - r. Is u a composite number?
True
Let j(c) = -5*c**2. Let o be j(-1). Let l(z) = -47*z. Is l(o) prime?
False
Let h be 6/9*18*2. Suppose -86 = -2*p - h. Is p a prime number?
True
Let z(f) = -f**3 - 2*f**2 + 3*f + 6. Let v be z(-5). Suppose 6 = c - 2*s - 13, 0 = 3*s + 15. Is 3/2*v/c prime?
True
Let v = -109 - -198. Is v composite?
False
Suppose -7 = -2*a - 3*l, 0 = 5*a - l - 3*l + 17. Let y be a*1 + 2*57. Suppose 3*g + 3*z - 87 = 0, -4*g - 5 = 2*z - y. Is g a composite number?
True
Let n(y) = 145*y + 21. Is n(10) composite?
False
Let v(o) = 68*o + 16. Let f(w) = -17*w - 4. Let h(j) = -9*f(j) - 2*v(j). Let a be (-3)/(-2)*50/15. Is h(a) a composite number?
False
Let d(q) = 84*q - 31. Is d(8) composite?
False
Let h(i) = -i**3 - 12*i**2 - 16*i. Is h(-11) prime?
False
Suppose -p - 1103 = 5*h, 4*h + 888 = p + p. Is (-6)/24 - h/4 composite?
True
Let c(u) = u**2 + 6*u - 7. Let s be c(-7). Is -2 + s - (-121)/1 composite?
True
Suppose 4*v - 4*q - 504 = 0, -5*v + 2*q = -0*v - 633. Is v composite?
False
Let k(g) = 6*g**3 + 29*g**2 + 46*g + 55. Let l(p) = -p**3 - 6*p**2 - 9*p - 11. Let j(f) = 2*k(f) + 11*l(f). Is j(9) prime?
True
Suppose 9*j + 11 = 10*j. Is j a prime number?
True
Suppose -6 = -2*x - 0*x. Suppose 5*p = 2*d + 694, 0*p = x*p - 5*d - 405. Suppose w = -3*w - 2*t + p, 3*w = 3*t + 105. Is w a composite number?
True
Suppose 0 = 4*c - c - y - 17, -5*c - 3*y = -5. Let x = 26 - -37. Suppose s + x = c*s. Is s a prime number?
False
Suppose -345 = -9*n + 8*n. Let t = n - 214. Is t prime?
True
Let w = 436 - 279. Is w prime?
True
Suppose d + 0*d = 732. Suppose -4*b = -3*r - b + d, -3*r + 697 = 4*b. Is r composite?
False
Let f(z) = -z**2 + 3*z. Let u be f(3). Is 0/(-2) - u - -55 prime?
False
Suppose -2*c - 1 + 4 = u, 3*c = 2*u - 13. Suppose 0*f = -f + u*v + 37, 4*f + 3*v = 148. Suppose l = -0*l + f. Is l prime?
True
Suppose -4*p + 5*k = -1047, 1050 = 6*p - 2*p - 2*k. Is p a prime number?
True
Suppose 1308 = 4*r - 5528. Is r composite?
False
Suppose 5*p + 5 = 0, -5*g + 462 = 5*p - 308. Suppose -z + 31 = -5*i, -3*z = -8*z + i + g. Is z a composite number?
False
Let y = 7 + -4. Let g be (-236)/y - 1/3. Let t = g - -116. Is t a prime number?
True
Suppose -3*k - 2*u = -k - 10, 3*u = -k + 9. Is 77 - k/(-9)*0 a composite number?
True
Is 2/(7/((-46396)/(-8))) a prime number?
True
Is 2/6 - (-5694)/9 a prime number?
False
Let g = 18 - 9. Suppose 0 = -c + 70 + g. Is c a composite number?
False
Suppose 2*i + 1590 = -3*i. Let v = 791 + i. Is v composite?
True
Let g(u) = -u**2 + 5*u + 5. Let f be g(5). Suppose -2*p + 2*i + 632 = -866, -2*p + 1498 = f*i. Is p a prime number?
False
Is 60/(-54)*-411 - (-1)/3 composite?
False
Let t(o) = -1 + 1 + 5 - 3 + 2*o. Let s be ((-6)/(-2 + -1))/1. Is t(s) composite?
True
Suppose n - 5 = -0*n. Suppose -4*t + w + 2 = -n, 4*t - 5 = 3*w. Suppose 159 = t*h + h. Is h prime?
True
Let u = 19 + -28. Let w be -3*(2 + 6/u). Is 6/w*(-276)/18 prime?
True
Let k be 3/(-12) - (-1)/4. Is (-78)/(-3) + k/(-3) a prime number?
False
Let l be (24/10)/((-4)/(-10)). Suppose -l*j + 3*j = -111. Is j a prime number?
True
Suppose -4381 = 5*r - 18*r. Is r prime?
True
Suppose 0 = -f - 0*b - 5*b - 36, 4*f + 80 = -4*b. Is (-4684)/f + 1/4 prime?
True
Let f be ((-4)/(-3))/((-3)/(-9)). Suppose 3*g = -4*b + 121, -4*b = f*g - 75 - 85. Is g prime?
False
Suppose 5*i = -4*s + 3648, 2*s + 5*i - 1862 = -48. Is s a composite number?
True
Suppose -4*z = 3*w - 1670 - 3498, 2*w = -5*z + 6467. Suppose 0 = 7*h - 2*h - z. Is h composite?
True
Suppose -u + 10 = 4*p, 3*p - 6 = -0*p. Suppose 13 = u*x - 213. Is x prime?
True
Suppose -u = 4*m - 1028, 449 = 4*m + 5*u - 579. Is m composite?
False
Let p be ((-4)/(-6))/(8/36). Suppose -5*a = 3*x + 13, p*x - 29 = 2*x + 5*a. Is (16/12)/(x/30) prime?
False
Let b(k) = k**3 - k**2 + 4*k - 3. Let w = 14 + -5. Let u be w/4 + (-3)/12. Is b(u) prime?
False
Let x(n) = n**2 - 8*n + 4. Let c be x(10). Suppose c - 61 = -k. Is k composite?
False
Is 5 - (0 - 3 - 833) composite?
True
Suppose -12 = -5*c + 3*c. Suppose 4*z + c = 14. Is 1 + -4 + z + 16 prime?
False
Let y(k) = -k**2 + 5*k - 4. Let d be y(3). Let h(p) = p - 10 - 3*p**2 + 4*p**d + 5*p. Is h(-8) composite?
True
Let i be (-1 - -1) + (-3)/3. Let n be 9/(-2)*(-3 - i). Let h = 16 + n. Is h a prime number?
False
Let p(b) be the third derivative of b**6/60 - b**5/12 + b**4/8 - b**3/2 - 11*b**2. Let c(w) = -w**3 + 6*w**2 + 2*w - 8. Let d be c(6). Is p(d) a prime number?